)?
-6
Let d be (-1 + 0)/(4/4). Let k(i) = -3*i**2 - 2*i - 1. Determine k(d).
-2
Suppose -4*b + 4 = -0*b. Suppose 2*s - 5*s + 58 = 2*d, 2*s = -2*d + 42. Let g(z) = -s*z + 6*z + 6*z. Give g(b).
-4
Let i(q) = 14*q**2 - 1. Suppose 2*j + p = -3, 3*j - 5*p = -10*p - 8. Determine i(j).
13
Let c(i) = -3*i**3 - 2*i**2 + i - 1. Suppose p - 3*p = -12. Let n be (4/(-6))/(2/p). What is c(n)?
13
Let m(w) = -5*w. Suppose 5 - 13 = -4*j. Suppose 2 = k, j*k - 4 = 4*r - 2*k. Calculate m(r).
-5
Let a(y) be the second derivative of -y**4/12 - y**3/2 + y**2 - 9*y. Suppose -4*q - 10 - 6 = 0. What is a(q)?
-2
Let b(h) = -2*h. Let j = 15 - 20. Let y = j + 3. Determine b(y).
4
Let b(k) = -k**3 + 7*k**2 - 8*k + 7. Let c be b(6). Let d(a) = -a**3 - 4*a**2 + a - 3. Calculate d(c).
17
Let d be (-8 + 3)*12/(-15). Let j(o) = 17*o**2 - 3*o - 11. Let f(v) = -6*v**2 + v + 4. Let m(n) = d*j(n) + 11*f(n). Determine m(2).
6
Suppose 0 = 2*b - 5*b. Suppose b = l - 0 + 1. Let k(n) = -7*n**2 + n. What is k(l)?
-8
Let b(x) = x**3 - x**2. Let i(p) = p - 3. Let y be i(4). Suppose -13 = 3*t - y. Let a = t + 3. What is b(a)?
-2
Suppose -3*b = -2*u - 8, 3*u + 0*u = -5*b + 26. Let x(v) = u*v**3 + v**2 - 4*v**2 - v**3. Calculate x(3).
0
Let u(r) be the first derivative of r**4 + 2*r**3/3 + r**2 + r + 12. Calculate u(-1).
-3
Let q(f) = f**3 - f**2 - 10*f + 8. Let j(m) = -m**2 - m + 1. Let k(i) = -5*j(i) + q(i). What is k(-5)?
3
Let h(w) = 4*w - 3. Let o(l) = l**3 + 9*l**2 - 11*l - 2. Let z be o(-10). Let f be (-21)/(-12) - (-2)/z. Determine h(f).
5
Let r(d) be the second derivative of d**5/10 - d**4/12 + d**3/3 - d**2 + 10*d. Calculate r(2).
14
Let j be 3 - ((-30)/3)/2. Let u(a) = a + 4*a**2 - 8 + j. Let i = 5 + -6. Calculate u(i).
3
Let x(b) = b**3 - 78*b**2 + 28*b**2 - 3*b + 27*b**2 + 26*b**2 - 3. What is x(-3)?
6
Let g(y) = -10*y**2 + 26*y + 16. Let n(h) = -2*h**2 + 5*h + 3. Let v be -1*(-33)/((-9)/(-3)). Let j(w) = v*n(w) - 2*g(w). Calculate j(3).
-8
Let u(v) = -1 - 1 + 1 + 5*v. Let p be (-16)/80 - (-21)/5. Let k(r) = 6*r - 1. Let x(h) = p*k(h) - 5*u(h). Calculate x(4).
-3
Let d(c) = -c. Let b(u) = 7*u + 11. Let n(g) = -b(g) - 6*d(g). Calculate n(-8).
-3
Suppose -5*y + 24 = 4. Let i(m) = -m + 7. Determine i(y).
3
Let s(x) be the second derivative of 1/12*x**4 + 1/2*x**2 + 0 + 1/6*x**3 - 3*x. Give s(-2).
3
Let g(r) = -4*r - 3. Let q(c) = -c**2 - c - 1. Let n(t) = g(t) - 3*q(t). Calculate n(2).
10
Let a(d) = d**3 - 2*d**2 + d + 1. Let z(s) = -s - 3. Let u be z(0). Suppose -p - 5*c = -3*p - 22, -2*p - 5*c = -18. Let q = p - u. Determine a(q).
3
Let f(t) = 2*t**2 + 3*t + 2. Let u(w) = 3*w**2 + 7*w + 3. Let a(g) = -5*f(g) + 3*u(g). Determine a(6).
-1
Let q(d) be the third derivative of 0*d + d**2 - 1/24*d**4 + 0 + 4/3*d**3. What is q(0)?
8
Let a(k) = k. Let o(n) = 6*n + n + 4 + 0. Let i(f) = -6*a(f) + o(f). Let t(r) = -2*r**2 + 2*r + 2. Let q be t(2). Give i(q).
2
Let d(m) = -3*m. Let a be 11/(-5) - (-3)/(3 + 12). Determine d(a).
6
Let g(y) = 7*y**3 + y**2 + 2*y + 1. Let d be -4 - 6/(-1 + -1). What is g(d)?
-7
Let g(h) = 39*h**2 - 74*h**2 + 37*h**2. What is g(-2)?
8
Let f(n) = -11*n**3 - 7*n**2 - 5*n + 7. Let d(p) = -2*p - 3 + 0*p**2 + 3*p**2 + 5*p**3 + 4*p. Suppose 4 = -0*q + q. Let k(i) = q*f(i) + 9*d(i). Calculate k(2).
1
Suppose 9 + 11 = -4*h. Let j(x) be the third derivative of x**6/120 + x**5/10 + x**4/8 - 2*x**3/3 - 14*x**2. Determine j(h).
6
Let p(l) = -7*l**2 - l. Let b(d) = -d - 9. Let r be b(-10). Give p(r).
-8
Let m(d) be the first derivative of -1/20*d**5 + 2*d + 1 - 1/12*d**4 - 1/6*d**3 + 1/2*d**2. Let s(g) be the first derivative of m(g). Calculate s(0).
1
Suppose h = 2*n + 8, 0*n = 2*h - 5*n - 18. Let t(r) = 4*r + 2*r - h*r - 5*r. Calculate t(-3).
9
Let n(h) = -3*h**2 - 1. Let p(b) = -7*b**2 - 2. Let c = 7 + 2. Let t(q) = c*n(q) - 4*p(q). Give t(-2).
3
Let b(q) = q**3 - 6*q**2 + 6*q + 19. Let d(v) = -v**3 + 7*v**2 - 7*v - 20. Let l(k) = -7*b(k) - 6*d(k). Let y(u) = u**2 - 25. Let j be y(-5). Give l(j).
-13
Suppose -4*s + 4 = -4*g, -3*g = -g + 3*s - 3. Let n(q) be the first derivative of q**4/4 + q**2/2 + 5*q - 6. What is n(g)?
5
Let u = 44 + -50. Let w(q) = -q - 1. Calculate w(u).
5
Let d(m) = -m - 1. Let j(o) = 0 - 2 + 4 - 1 - 3*o. Let l(n) = 2*d(n) - j(n). Calculate l(-3).
-6
Let y be ((-28)/(-24) + 4/(-6))*0. Let d(o) = 0 + 0 + o**3 + o - 8. What is d(y)?
-8
Let k be 0/((-1 - -5) + -2). Let j(v) be the second derivative of v + k - 1/6*v**3 - 3/2*v**2. Calculate j(-4).
1
Suppose -2*f = -f - 8. Let u be 2/f - (-71)/4. Suppose 3 - u = -3*s. Let z(m) = m**2 - 5*m - 5. What is z(s)?
-5
Suppose 0 = -5*c + 4*c. Suppose x + 14 = -2*m, 3*m + 5*x + 7 = -c*x. Let w = m + 5. Let i(v) = -2*v - 1. Give i(w).
7
Let u(i) = -i**3 - 4*i**2 - 3*i - 4. Suppose 2*g - 3*g = 5*p - 124, -p = g - 28. Let o = p - 16. Suppose -2*d - o = -2*y, -3*d + 3*y + 2*y = 12. Give u(d).
8
Let i(x) = -x**3 - 3*x**2 + 6*x + 1. Let z be i(-4). Let b = z - -11. Let k(d) = -d**3 + 5*d**2 - 5*d + 6. What is k(b)?
2
Suppose 4*p + 11 = 31, -u = 4*p - 27. Let y(a) = 3*a - 6. Determine y(u).
15
Let b(h) be the first derivative of h**7/840 + h**6/360 - h**4/24 + 2*h**3 - 5. Let l(n) be the third derivative of b(n). Determine l(1).
1
Let x = -3 - -8. Let p(r) = r**2 - 2*r - 7. Give p(x).
8
Let g(x) = -x**3 - 6*x**2 + 3*x + 3. Let p(a) = a**3 + 7*a**2 - 3*a - 2. Let z(l) = -4*g(l) - 3*p(l). What is z(-4)?
-10
Let u(a) = -a**2 + 3*a + 1. Suppose 0 = -12*w - 2*w + 70. What is u(w)?
-9
Let q(b) = 2*b**2 - 4*b + 5. Let n(g) = 4*g**2 - 8*g + 9. Let k(r) = 6*n(r) - 11*q(r). Let m = -3 - -1. Let h = m - -5. Give k(h).
5
Let v(c) be the third derivative of -1/6*c**4 + 0 - 1/6*c**3 + 1/60*c**5 + 0*c + 5*c**2. What is v(5)?
4
Let q(j) = -1 + 0 + 2*j + 5*j - 8*j. Determine q(1).
-2
Let d(v) = v**2 - v. Let s(a) be the first derivative of -1 - 1/4*a**4 - 1/2*a**2 - a + 2/3*a**3. Let t(h) = 2*d(h) - s(h). Determine t(0).
1
Let j(r) = 1 - 2 - 7*r - 5*r**2 + r**3 + 8*r. What is j(5)?
4
Suppose -9*r + 5*r + 32 = -4*l, -4*l = -5*r + 37. Let x(j) be the second derivative of -j**3/3 + j**2/2 + 2*j. Calculate x(l).
7
Let p(j) = -2*j + 2. Suppose b - 3*w = w, 0 = 4*w - 4. Suppose -4*i - 24 = -0*i. Let m = b + i. What is p(m)?
6
Let x(q) be the third derivative of q**4/12 - q**3/6 + 3*q**2. Let c be 40/2*2/4. Suppose 0 = 5*s + 2*w + c, 0 = -5*s + s - 4*w - 8. Give x(s).
-5
Let n(s) = -4*s + s + 8*s**2 - 6*s**2. What is n(2)?
2
Let l(q) = -7*q**3 - 10*q**2 + 13*q + 1. Let m(v) = 4*v**3 + 5*v**2 - 7*v - 1. Let d(p) = -3*l(p) - 5*m(p). Determine d(-6).
-10
Let q = 4 + -2. Suppose -1 = 2*y + 2*p - 15, 5*p - 32 = -4*y. Suppose -y*n = -q*n + 3. Let j(m) = m + 4. What is j(n)?
1
Let v(h) = -h - 1. Let t = -1 + 0. Let m be v(t). Let d(c) = c**3 - c**2 + c + 10. What is d(m)?
10
Let c(u) = -u**2 - u + u**3 + 3*u**2 + 0*u**3. Let k = 18 - 18. Let w = -3 - k. What is c(w)?
-6
Let c = -11 - -16. Suppose -2*m + c = f, -m + f + 0*f + 4 = 0. Let i(q) = -q**2 + q + 1. Let v(x) = 6*x**2 - 3*x - 4. Let j(l) = m*i(l) + v(l). Calculate j(1).
2
Let k(w) = w**2 + 6*w - 5. Let i be k(-7). Let t(b) = -b**2 + b + 1. Give t(i).
-1
Let a(s) be the first derivative of s**2 - s - 34. Determine a(4).
7
Let b(a) be the first derivative of -1/120*a**6 + 2 - 1/12*a**4 + 1/3*a**3 - a**2 + 1/60*a**5 + 0*a. Let i(p) be the second derivative of b(p). What is i(2)?
-6
Suppose -12 = -z - 2*z. Let l(t) = 1 - 3 - 3*t - 7*t**2 + z*t + 1. Calculate l(1).
-7
Let v(o) = o + 1. Let w(s) = -s**2 - 7*s + 6. Let r be w(-7). Suppose i - 2*p = -8, -3*i - 2*p = -r*i - 4. Suppose -3*m - 2*g + 1 = -g, -i = -2*g. What is v(m)?
1
Let c(u) = -u**3 + 5*u**2 + 4*u + 3. Suppose -m = -4*m + 2*j + 10, 5*j - 20 = 0. Determine c(m).
-9
Let r(v) be the first derivative of -v**4/4 + 2*v**3 + 4*v**2 - 2*v + 30. Determine r(7).
5
Let y = 4 - 2. Let q(f) be the first derivative of 2*f**3/3 - f**2/2 - 2*f - 10. What is q(y)?
4
Let p = 10 + -4. Let v be 9/p*40/15. Let w(j) = j - 1. Give w(v).
3
Let t(w) be the third derivative of -w**4/24 + w**3/2 - w**2. Let m be t(-4). Let f(v) = m - v + 0*v - v**2 - 2*v. What is f(-5)?
-3
Let q be (1 + -1 + 3)*(-8)/(-12). Let w(c) = -4*c**2 - c. Give w(q).
-18
Let o(f) = 9*f**3 - f**2 - 2*f**3 - 8*f**3. Determine o(-1).
0
Let j = 4 + -6. Let m(c) = -9*c - 1. Let r(l) = 47*l +